{"id":910,"date":"2023-11-10T20:39:35","date_gmt":"2023-11-10T19:39:35","guid":{"rendered":"https:\/\/nantes-maxillo.com\/preprod\/?page_id=910"},"modified":"2024-05-07T15:49:21","modified_gmt":"2024-05-07T13:49:21","slug":"le-planning-pour-un-implant-dentaire","status":"publish","type":"page","link":"https:\/\/nantes-maxillo.com\/preprod\/le-planning-pour-un-implant-dentaire\/","title":{"rendered":"Le planning pour un implant dentaire"},"content":{"rendered":"\t\t<div data-elementor-type=\"wp-page\" data-elementor-id=\"910\" class=\"elementor elementor-910\">\n\t\t\t\t\t\t<section class=\"elementor-section elementor-top-section elementor-element elementor-element-25f488f elementor-section-stretched elementor-section-boxed elementor-section-height-default elementor-section-height-default\" data-id=\"25f488f\" data-element_type=\"section\" data-settings=\"{&quot;stretch_section&quot;:&quot;section-stretched&quot;}\">\n\t\t\t\t\t\t<div class=\"elementor-container elementor-column-gap-default\">\n\t\t\t\t\t<div class=\"elementor-column elementor-col-100 elementor-top-column elementor-element elementor-element-1cd9b07\" data-id=\"1cd9b07\" data-element_type=\"column\">\n\t\t\t<div class=\"elementor-widget-wrap elementor-element-populated\">\n\t\t\t\t\t\t<div class=\"elementor-element elementor-element-5d12dec elementor-widget elementor-widget-text-editor\" data-id=\"5d12dec\" data-element_type=\"widget\" data-widget_type=\"text-editor.default\">\n\t\t\t\t<div class=\"elementor-widget-container\">\n\t\t\t<style>\/*! elementor - v3.21.0 - 30-04-2024 *\/\n.elementor-widget-text-editor.elementor-drop-cap-view-stacked .elementor-drop-cap{background-color:#69727d;color:#fff}.elementor-widget-text-editor.elementor-drop-cap-view-framed .elementor-drop-cap{color:#69727d;border:3px solid;background-color:transparent}.elementor-widget-text-editor:not(.elementor-drop-cap-view-default) .elementor-drop-cap{margin-top:8px}.elementor-widget-text-editor:not(.elementor-drop-cap-view-default) .elementor-drop-cap-letter{width:1em;height:1em}.elementor-widget-text-editor .elementor-drop-cap{float:left;text-align:center;line-height:1;font-size:50px}.elementor-widget-text-editor .elementor-drop-cap-letter{display:inline-block}<\/style>\t\t\t\t<h3>Avant toute chose<\/h3><p class=\"paragraph_style_2\">Un implant est couvert par une\u00a0<span class=\"style_1\">vis de cicatrisation<\/span>\u00a0(technique en deux temps chirurgicaux) ou un\u00a0<span class=\"style_1\">pilier de cicatrisation<\/span>\u00a0(technique en un temps chirurgical).<br \/>Ce pilier est ensuite chang\u00e9 par un\u00a0<span class=\"style_1\">pilier proth\u00e9tique<\/span>\u00a0qui supportera la fausse dent. Cette \u00e9tape doit \u00eatre r\u00e9alis\u00e9e dans la plupart des cas lorsque l\u2019implant est bien ost\u00e9oint\u00e9gr\u00e9, c\u2019est \u00e0 dire int\u00e9gr\u00e9 dans l\u2019os.<\/p><p class=\"paragraph_style_2\">La pose d\u2019un implant peut n\u00e9cessiter plusieurs interventions chirurgicales :<\/p><ul><li class=\"full-width\"><p class=\"paragraph_style_4\"><span class=\"Puce\">\u2023<\/span>\u00a0Il est parfois n\u00e9cessaire de r\u00e9aliser une\u00a0<span class=\"style_1\">greffe osseuse<\/span>lorsqu\u2019il n\u2019y a pas suffisamment d\u2019os pour mettre l\u2019implant dans la bonne position. Cette greffe peut \u00eatre faite avant ou pendant la pose de l\u2019implant dentaire.<\/p><\/li><li class=\"full-width\"><p class=\"paragraph_style_4\"><span class=\"Puce\">\u2023<\/span>\u00a0Dans certains cas, l\u2019implant est enfoui sous la gencive apr\u00e8s l\u2019intervention, et couvert par une vis de cicatrisation (<span class=\"style_2\">technique en<\/span><span class=\"style_1\">\u00a0deux temps chirurgicaux<\/span>). Cette technique sera choisie par prudence en fonction de la qualit\u00e9 de l\u2019os dans lequel il est mis en place.<\/p><\/li><li class=\"full-width\"><p class=\"paragraph_style_4\"><span class=\"Puce\">\u2023<\/span>\u00a0Dans d\u2019autres cas, il n\u2019est pas enfoui et coiff\u00e9 par un pilier de cicatrisation qui traverse la gencive (technique en\u00a0<span class=\"style_1\">un temps chirurgical<\/span>).<\/p><\/li><li class=\"full-width\"><p class=\"paragraph_style_4\"><span class=\"Puce\">\u2023<\/span>\u00a0Donc, si les conditions sont favorables, une seule intervention suffit pour poser un implant dentaire.<\/p><\/li><\/ul><h3 class=\"paragraph_style_6\">Les diff\u00e9rentes \u00e9tapes de travail<\/h3><p class=\"paragraph_style_7\">1 \u2013\u00a0<span class=\"style_3\">La mise en place des implants<\/span><\/p><p class=\"paragraph_style_8\">Cette op\u00e9ration se fait sous anesth\u00e9sie locale. La pr\u00e9paration de la loge pour l\u2019implant est r\u00e9alis\u00e9e dans l\u2019os \u00e0 l\u2019aide de forets. L\u2019implant est enfoui dans l\u2019os et recouvert par la gencive sutur\u00e9e. L\u2019intervention dure environ 20 minutes.<\/p><div id=\"attachment_66\" class=\"wp-caption aligncenter\"><p><a href=\"http:\/\/maxillo.nantes-atlantique.fr\/le-planning-pour-un-implant-dentaire\/implant1\/\" rel=\"attachment wp-att-66\"><img fetchpriority=\"high\" decoding=\"async\" class=\"size-full wp-image-66\" src=\"https:\/\/maxillo.nantes-atlantique.fr\/wp-content\/uploads\/2012\/12\/implant1.jpg\" alt=\"L\u2019implant est en place, il s\u2019agit d\u2019un implant en un temps qui passe \u00e0 travers la gencive. La photo est prise alors que la gencive est cicatris\u00e9e.\" width=\"221\" height=\"240\" \/><\/a><\/p><p class=\"wp-caption-text\">L\u2019implant est en place, il s\u2019agit d\u2019un implant en un temps qui passe \u00e0 travers la gencive. La photo est prise alors que la gencive est cicatris\u00e9e.<\/p><\/div><p class=\"paragraph_style_5\">2 \u2013\u00a0<span class=\"style_3\">La cicatrisation gingivale<\/span><\/p><p class=\"paragraph_style_8\">Apr\u00e8s 2 \u00e0 6 mois, p\u00e9riode pendant laquelle l\u2019os cicatrise autour de l\u2019implant afin d\u2019assurer sa stabilit\u00e9, vous retournez chez votre praticien qui vous pose une vis de cicatrisation.<\/p><p class=\"paragraph_style_5\">3 \u2013\u00a0<span class=\"style_3\">La mise en place du pilier proth\u00e9tique<\/span><\/p><p class=\"paragraph_style_8\">10 \u00e0 15 jours apr\u00e8s, cette vis de cicatrisation sera enlev\u00e9e puis remplac\u00e9e par le pilier sur lequel sera fix\u00e9e la dent artificielle.<\/p><div id=\"attachment_67\" class=\"wp-caption aligncenter\"><p><a href=\"http:\/\/maxillo.nantes-atlantique.fr\/le-planning-pour-un-implant-dentaire\/implant2\/\" rel=\"attachment wp-att-67\"><img decoding=\"async\" class=\"size-full wp-image-67\" src=\"https:\/\/maxillo.nantes-atlantique.fr\/wp-content\/uploads\/2012\/12\/implant2.jpg\" alt=\"Un pilier pro-th\u00e9tique a \u00e9t\u00e9 viss\u00e9 sur l\u2019im-plant, il ne reste plus qu\u2019\u00e0 faire la fausse dent (ou cou-ronne).\" width=\"300\" height=\"224\" \/><\/a><\/p><p class=\"wp-caption-text\">Un pilier proth\u00e9tique a \u00e9t\u00e9 viss\u00e9 sur l\u2019implant, il ne reste plus qu\u2019\u00e0 faire la fausse dent (ou couronne).<\/p><\/div><div id=\"attachment_68\" class=\"wp-caption aligncenter\"><p><a href=\"http:\/\/maxillo.nantes-atlantique.fr\/le-planning-pour-un-implant-dentaire\/implant3\/\" rel=\"attachment wp-att-68\"><img decoding=\"async\" class=\"size-full wp-image-68\" src=\"https:\/\/maxillo.nantes-atlantique.fr\/wp-content\/uploads\/2012\/12\/implant3.jpg\" alt=\"La couronne est viss\u00e9e ou coll\u00e9e sur le pilier. L\u2019occlusion dentaire est adapt\u00e9e \u00e0 la nouvelle couronne.\" width=\"301\" height=\"186\" \/><\/a><\/p><p class=\"wp-caption-text\">La couronne est viss\u00e9e ou coll\u00e9e sur le pilier. L\u2019occlusion dentaire est adapt\u00e9e \u00e0 la nouvelle couronne.<\/p><\/div><div id=\"attachment_69\" class=\"wp-caption aligncenter\"><p><a href=\"http:\/\/maxillo.nantes-atlantique.fr\/le-planning-pour-un-implant-dentaire\/implant3b\/\" rel=\"attachment wp-att-69\"><img loading=\"lazy\" decoding=\"async\" class=\"size-full wp-image-69\" src=\"https:\/\/maxillo.nantes-atlantique.fr\/wp-content\/uploads\/2012\/12\/implant3b.jpg\" alt=\"La radiographie permet de v\u00e9rifier que l\u2019implant soit bien ost\u00e9oint\u00e9gr\u00e9. Elle servira aussi dans la surveillance. La qualit\u00e9 de l'hygi\u00e8ne conditionnera sa dur\u00e9e de vie.\" width=\"281\" height=\"300\" \/><\/a><\/p><p class=\"wp-caption-text\">La radiographie permet de v\u00e9rifier que l\u2019implant soit bien ost\u00e9oint\u00e9gr\u00e9. Elle servira aussi dans la surveillance. La qualit\u00e9 de l\u2019hygi\u00e8ne conditionnera sa dur\u00e9e de vie.<\/p><\/div>\t\t\t\t\t\t<\/div>\n\t\t\t\t<\/div>\n\t\t\t\t\t<\/div>\n\t\t<\/div>\n\t\t\t\t\t<\/div>\n\t\t<\/section>\n\t\t<div class=\"elementor-element elementor-element-dc54273 e-flex e-con-boxed e-con e-parent\" data-id=\"dc54273\" data-element_type=\"container\">\n\t\t\t\t\t<div class=\"e-con-inner\">\n\t\t\t\t<div class=\"elementor-element elementor-element-fbc5665 elementor-widget elementor-widget-spacer\" data-id=\"fbc5665\" data-element_type=\"widget\" data-widget_type=\"spacer.default\">\n\t\t\t\t<div class=\"elementor-widget-container\">\n\t\t\t<style>\/*! elementor - v3.21.0 - 30-04-2024 *\/\n.elementor-column .elementor-spacer-inner{height:var(--spacer-size)}.e-con{--container-widget-width:100%}.e-con-inner>.elementor-widget-spacer,.e-con>.elementor-widget-spacer{width:var(--container-widget-width,var(--spacer-size));--align-self:var(--container-widget-align-self,initial);--flex-shrink:0}.e-con-inner>.elementor-widget-spacer>.elementor-widget-container,.e-con>.elementor-widget-spacer>.elementor-widget-container{height:100%;width:100%}.e-con-inner>.elementor-widget-spacer>.elementor-widget-container>.elementor-spacer,.e-con>.elementor-widget-spacer>.elementor-widget-container>.elementor-spacer{height:100%}.e-con-inner>.elementor-widget-spacer>.elementor-widget-container>.elementor-spacer>.elementor-spacer-inner,.e-con>.elementor-widget-spacer>.elementor-widget-container>.elementor-spacer>.elementor-spacer-inner{height:var(--container-widget-height,var(--spacer-size))}.e-con-inner>.elementor-widget-spacer.elementor-widget-empty,.e-con>.elementor-widget-spacer.elementor-widget-empty{position:relative;min-height:22px;min-width:22px}.e-con-inner>.elementor-widget-spacer.elementor-widget-empty .elementor-widget-empty-icon,.e-con>.elementor-widget-spacer.elementor-widget-empty .elementor-widget-empty-icon{position:absolute;top:0;bottom:0;left:0;right:0;margin:auto;padding:0;width:22px;height:22px}<\/style>\t\t<div class=\"elementor-spacer\">\n\t\t\t<div class=\"elementor-spacer-inner\"><\/div>\n\t\t<\/div>\n\t\t\t\t<\/div>\n\t\t\t\t<\/div>\n\t\t\t\t\t<\/div>\n\t\t\t\t<\/div>\n\t\t\t\t<\/div>\n\t\t","protected":false},"excerpt":{"rendered":"<p>Avant toute chose Un implant est couvert par une\u00a0vis de cicatrisation\u00a0(technique en deux temps chirurgicaux) ou un\u00a0pilier de cicatrisation\u00a0(technique en un temps chirurgical).Ce pilier est ensuite chang\u00e9 par un\u00a0pilier proth\u00e9tique\u00a0qui supportera la fausse dent. Cette \u00e9tape doit \u00eatre r\u00e9alis\u00e9e dans la plupart des cas lorsque l\u2019implant est bien ost\u00e9oint\u00e9gr\u00e9, c\u2019est \u00e0 dire int\u00e9gr\u00e9 dans l\u2019os.&hellip;&nbsp;<a href=\"https:\/\/nantes-maxillo.com\/preprod\/le-planning-pour-un-implant-dentaire\/\" class=\"\" rel=\"bookmark\">Lire la suite &raquo;<span class=\"screen-reader-text\">Le planning pour un implant dentaire<\/span><\/a><\/p>\n","protected":false},"author":2,"featured_media":1165,"parent":0,"menu_order":0,"comment_status":"closed","ping_status":"closed","template":"page-templates\/template-pagebuilder-full-width.php","meta":{"neve_meta_sidebar":"","neve_meta_container":"","neve_meta_enable_content_width":"off","neve_meta_content_width":100,"neve_meta_title_alignment":"","neve_meta_author_avatar":"","neve_post_elements_order":"","neve_meta_disable_header":"","neve_meta_disable_footer":"","neve_meta_disable_title":"","_themeisle_gutenberg_block_has_review":false,"_ti_tpc_template_sync":false,"_ti_tpc_template_id":"","footnotes":""},"class_list":["post-910","page","type-page","status-publish","has-post-thumbnail","hentry"],"_links":{"self":[{"href":"https:\/\/nantes-maxillo.com\/preprod\/wp-json\/wp\/v2\/pages\/910","targetHints":{"allow":["GET"]}}],"collection":[{"href":"https:\/\/nantes-maxillo.com\/preprod\/wp-json\/wp\/v2\/pages"}],"about":[{"href":"https:\/\/nantes-maxillo.com\/preprod\/wp-json\/wp\/v2\/types\/page"}],"author":[{"embeddable":true,"href":"https:\/\/nantes-maxillo.com\/preprod\/wp-json\/wp\/v2\/users\/2"}],"replies":[{"embeddable":true,"href":"https:\/\/nantes-maxillo.com\/preprod\/wp-json\/wp\/v2\/comments?post=910"}],"version-history":[{"count":4,"href":"https:\/\/nantes-maxillo.com\/preprod\/wp-json\/wp\/v2\/pages\/910\/revisions"}],"predecessor-version":[{"id":5377,"href":"https:\/\/nantes-maxillo.com\/preprod\/wp-json\/wp\/v2\/pages\/910\/revisions\/5377"}],"wp:featuredmedia":[{"embeddable":true,"href":"https:\/\/nantes-maxillo.com\/preprod\/wp-json\/wp\/v2\/media\/1165"}],"wp:attachment":[{"href":"https:\/\/nantes-maxillo.com\/preprod\/wp-json\/wp\/v2\/media?parent=910"}],"curies":[{"name":"wp","href":"https:\/\/api.w.org\/{rel}","templated":true}]}}