{"id":880,"date":"2023-11-10T20:34:14","date_gmt":"2023-11-10T19:34:14","guid":{"rendered":"https:\/\/nantes-maxillo.com\/preprod\/?page_id=880"},"modified":"2024-05-07T15:02:00","modified_gmt":"2024-05-07T13:02:00","slug":"quest-ce-que-le-botox","status":"publish","type":"page","link":"https:\/\/nantes-maxillo.com\/preprod\/quest-ce-que-le-botox\/","title":{"rendered":"Qu\u2019est-ce que le botox ?"},"content":{"rendered":"\t\t<div data-elementor-type=\"wp-page\" data-elementor-id=\"880\" class=\"elementor elementor-880\">\n\t\t\t\t\t\t<section class=\"elementor-section elementor-top-section elementor-element elementor-element-6e161d9 elementor-section-stretched elementor-section-boxed elementor-section-height-default elementor-section-height-default\" data-id=\"6e161d9\" data-element_type=\"section\" data-settings=\"{&quot;stretch_section&quot;:&quot;section-stretched&quot;}\">\n\t\t\t\t\t\t<div class=\"elementor-container elementor-column-gap-default\">\n\t\t\t\t\t<div class=\"elementor-column elementor-col-100 elementor-top-column elementor-element elementor-element-8e39906\" data-id=\"8e39906\" data-element_type=\"column\">\n\t\t\t<div class=\"elementor-widget-wrap elementor-element-populated\">\n\t\t\t\t\t\t<div class=\"elementor-element elementor-element-8d0734d elementor-widget elementor-widget-text-editor\" data-id=\"8d0734d\" data-element_type=\"widget\" data-widget_type=\"text-editor.default\">\n\t\t\t\t<div class=\"elementor-widget-container\">\n\t\t\t<style>\/*! elementor - v3.21.0 - 30-04-2024 *\/\n.elementor-widget-text-editor.elementor-drop-cap-view-stacked .elementor-drop-cap{background-color:#69727d;color:#fff}.elementor-widget-text-editor.elementor-drop-cap-view-framed .elementor-drop-cap{color:#69727d;border:3px solid;background-color:transparent}.elementor-widget-text-editor:not(.elementor-drop-cap-view-default) .elementor-drop-cap{margin-top:8px}.elementor-widget-text-editor:not(.elementor-drop-cap-view-default) .elementor-drop-cap-letter{width:1em;height:1em}.elementor-widget-text-editor .elementor-drop-cap{float:left;text-align:center;line-height:1;font-size:50px}.elementor-widget-text-editor .elementor-drop-cap-letter{display:inline-block}<\/style>\t\t\t\t<p>Le botox (ou la toxine botulique) est une substance qui diminue la contraction des muscles en agissant au niveau de la jonction neuromusculaire (action myorelaxante). L\u2019action est limit\u00e9e dans le temps (r\u00e9versible) et dans l\u2019espace (localis\u00e9e).<\/p><p>Le traitement consiste \u00e0 injecter de tr\u00e8s faibles doses de substance active de toxine botulique purifi\u00e9e directement dans les muscles responsables des rides afin de les relaxer.<\/p>\t\t\t\t\t\t<\/div>\n\t\t\t\t<\/div>\n\t\t\t\t<div class=\"elementor-element elementor-element-cc93939 elementor-widget-divider--view-line elementor-widget elementor-widget-divider\" data-id=\"cc93939\" data-element_type=\"widget\" data-widget_type=\"divider.default\">\n\t\t\t\t<div class=\"elementor-widget-container\">\n\t\t\t<style>\/*! elementor - v3.21.0 - 30-04-2024 *\/\n.elementor-widget-divider{--divider-border-style:none;--divider-border-width:1px;--divider-color:#0c0d0e;--divider-icon-size:20px;--divider-element-spacing:10px;--divider-pattern-height:24px;--divider-pattern-size:20px;--divider-pattern-url:none;--divider-pattern-repeat:repeat-x}.elementor-widget-divider .elementor-divider{display:flex}.elementor-widget-divider .elementor-divider__text{font-size:15px;line-height:1;max-width:95%}.elementor-widget-divider .elementor-divider__element{margin:0 var(--divider-element-spacing);flex-shrink:0}.elementor-widget-divider .elementor-icon{font-size:var(--divider-icon-size)}.elementor-widget-divider .elementor-divider-separator{display:flex;margin:0;direction:ltr}.elementor-widget-divider--view-line_icon .elementor-divider-separator,.elementor-widget-divider--view-line_text .elementor-divider-separator{align-items:center}.elementor-widget-divider--view-line_icon .elementor-divider-separator:after,.elementor-widget-divider--view-line_icon .elementor-divider-separator:before,.elementor-widget-divider--view-line_text .elementor-divider-separator:after,.elementor-widget-divider--view-line_text .elementor-divider-separator:before{display:block;content:\"\";border-block-end:0;flex-grow:1;border-block-start:var(--divider-border-width) var(--divider-border-style) var(--divider-color)}.elementor-widget-divider--element-align-left .elementor-divider .elementor-divider-separator>.elementor-divider__svg:first-of-type{flex-grow:0;flex-shrink:100}.elementor-widget-divider--element-align-left .elementor-divider-separator:before{content:none}.elementor-widget-divider--element-align-left .elementor-divider__element{margin-left:0}.elementor-widget-divider--element-align-right .elementor-divider .elementor-divider-separator>.elementor-divider__svg:last-of-type{flex-grow:0;flex-shrink:100}.elementor-widget-divider--element-align-right .elementor-divider-separator:after{content:none}.elementor-widget-divider--element-align-right .elementor-divider__element{margin-right:0}.elementor-widget-divider--element-align-start .elementor-divider .elementor-divider-separator>.elementor-divider__svg:first-of-type{flex-grow:0;flex-shrink:100}.elementor-widget-divider--element-align-start .elementor-divider-separator:before{content:none}.elementor-widget-divider--element-align-start .elementor-divider__element{margin-inline-start:0}.elementor-widget-divider--element-align-end .elementor-divider .elementor-divider-separator>.elementor-divider__svg:last-of-type{flex-grow:0;flex-shrink:100}.elementor-widget-divider--element-align-end .elementor-divider-separator:after{content:none}.elementor-widget-divider--element-align-end .elementor-divider__element{margin-inline-end:0}.elementor-widget-divider:not(.elementor-widget-divider--view-line_text):not(.elementor-widget-divider--view-line_icon) .elementor-divider-separator{border-block-start:var(--divider-border-width) var(--divider-border-style) var(--divider-color)}.elementor-widget-divider--separator-type-pattern{--divider-border-style:none}.elementor-widget-divider--separator-type-pattern.elementor-widget-divider--view-line .elementor-divider-separator,.elementor-widget-divider--separator-type-pattern:not(.elementor-widget-divider--view-line) .elementor-divider-separator:after,.elementor-widget-divider--separator-type-pattern:not(.elementor-widget-divider--view-line) .elementor-divider-separator:before,.elementor-widget-divider--separator-type-pattern:not([class*=elementor-widget-divider--view]) .elementor-divider-separator{width:100%;min-height:var(--divider-pattern-height);-webkit-mask-size:var(--divider-pattern-size) 100%;mask-size:var(--divider-pattern-size) 100%;-webkit-mask-repeat:var(--divider-pattern-repeat);mask-repeat:var(--divider-pattern-repeat);background-color:var(--divider-color);-webkit-mask-image:var(--divider-pattern-url);mask-image:var(--divider-pattern-url)}.elementor-widget-divider--no-spacing{--divider-pattern-size:auto}.elementor-widget-divider--bg-round{--divider-pattern-repeat:round}.rtl .elementor-widget-divider .elementor-divider__text{direction:rtl}.e-con-inner>.elementor-widget-divider,.e-con>.elementor-widget-divider{width:var(--container-widget-width,100%);--flex-grow:var(--container-widget-flex-grow)}<\/style>\t\t<div class=\"elementor-divider\">\n\t\t\t<span class=\"elementor-divider-separator\">\n\t\t\t\t\t\t<\/span>\n\t\t<\/div>\n\t\t\t\t<\/div>\n\t\t\t\t<\/div>\n\t\t\t\t<section class=\"elementor-section elementor-inner-section elementor-element elementor-element-e839e55 elementor-section-boxed elementor-section-height-default elementor-section-height-default\" data-id=\"e839e55\" data-element_type=\"section\">\n\t\t\t\t\t\t<div class=\"elementor-container elementor-column-gap-default\">\n\t\t\t\t\t<div class=\"elementor-column elementor-col-50 elementor-inner-column elementor-element elementor-element-7e9624b\" data-id=\"7e9624b\" data-element_type=\"column\">\n\t\t\t<div class=\"elementor-widget-wrap elementor-element-populated\">\n\t\t\t\t\t\t<div class=\"elementor-element elementor-element-1e23071 elementor-widget elementor-widget-text-editor\" data-id=\"1e23071\" data-element_type=\"widget\" data-widget_type=\"text-editor.default\">\n\t\t\t\t<div class=\"elementor-widget-container\">\n\t\t\t\t\t\t\t<p>La toxine Botulique est une prot\u00e9ine issue de culture bact\u00e9rienne \u00ab Clostridium Botulinum \u00bb.<\/p><p>Depuis 1975, les m\u00e9decins utilisent la toxine botulique pour corriger le strabisme de l\u2019enfant, les tics du visage et les clignements incontr\u00f4lables de l\u2019\u0153il (bl\u00e9pharospasmes), les toricolis spasmodiques, les dysphonies,\u00a0les douleurs des articulations temporo-mandibulaires, et en m\u00e9decine esth\u00e9tique (rides du front et autour des yeux).<\/p>\t\t\t\t\t\t<\/div>\n\t\t\t\t<\/div>\n\t\t\t\t\t<\/div>\n\t\t<\/div>\n\t\t\t\t<div class=\"elementor-column elementor-col-50 elementor-inner-column elementor-element elementor-element-350fc0a\" data-id=\"350fc0a\" data-element_type=\"column\">\n\t\t\t<div class=\"elementor-widget-wrap elementor-element-populated\">\n\t\t\t\t\t\t<div class=\"elementor-element elementor-element-6f547c8 elementor-widget elementor-widget-image\" data-id=\"6f547c8\" data-element_type=\"widget\" data-widget_type=\"image.default\">\n\t\t\t\t<div class=\"elementor-widget-container\">\n\t\t\t<style>\/*! elementor - v3.21.0 - 30-04-2024 *\/\n.elementor-widget-image{text-align:center}.elementor-widget-image a{display:inline-block}.elementor-widget-image a img[src$=\".svg\"]{width:48px}.elementor-widget-image img{vertical-align:middle;display:inline-block}<\/style>\t\t\t\t\t\t\t\t\t\t<img fetchpriority=\"high\" decoding=\"async\" width=\"300\" height=\"200\" src=\"https:\/\/nantes-maxillo.com\/preprod\/wp-content\/uploads\/2024\/05\/toxine-botulique-300x200-1.jpg\" class=\"attachment-large size-large wp-image-5294\" alt=\"\" \/>\t\t\t\t\t\t\t\t\t\t\t\t\t<\/div>\n\t\t\t\t<\/div>\n\t\t\t\t\t<\/div>\n\t\t<\/div>\n\t\t\t\t\t<\/div>\n\t\t<\/section>\n\t\t\t\t<div class=\"elementor-element elementor-element-5664e61 elementor-widget elementor-widget-heading\" data-id=\"5664e61\" data-element_type=\"widget\" data-widget_type=\"heading.default\">\n\t\t\t\t<div class=\"elementor-widget-container\">\n\t\t\t<style>\/*! elementor - v3.21.0 - 30-04-2024 *\/\n.elementor-heading-title{padding:0;margin:0;line-height:1}.elementor-widget-heading .elementor-heading-title[class*=elementor-size-]>a{color:inherit;font-size:inherit;line-height:inherit}.elementor-widget-heading .elementor-heading-title.elementor-size-small{font-size:15px}.elementor-widget-heading .elementor-heading-title.elementor-size-medium{font-size:19px}.elementor-widget-heading .elementor-heading-title.elementor-size-large{font-size:29px}.elementor-widget-heading .elementor-heading-title.elementor-size-xl{font-size:39px}.elementor-widget-heading .elementor-heading-title.elementor-size-xxl{font-size:59px}<\/style><h2 class=\"elementor-heading-title elementor-size-default\">D\u00e9roulement des injections<\/h2>\t\t<\/div>\n\t\t\t\t<\/div>\n\t\t\t\t<div class=\"elementor-element elementor-element-2e85442 elementor-widget elementor-widget-text-editor\" data-id=\"2e85442\" data-element_type=\"widget\" data-widget_type=\"text-editor.default\">\n\t\t\t\t<div class=\"elementor-widget-container\">\n\t\t\t\t\t\t\t<ul><li class=\"full-width\"><p class=\"paragraph_style_7\">La peau est d\u00e9sinfect\u00e9e<\/p><\/li><li class=\"full-width\"><p class=\"paragraph_style_7\">On injectera\u00a0 ensuite \u00e0 l\u2019aide d\u2019une seringue et d\u2019une aiguille, des petites doses de solution de Toxine Botulique de type A dans les muscles, sur des points tr\u00e8s pr\u00e9cis.<\/p><\/li><li class=\"full-width\"><p class=\"paragraph_style_7\">Il n\u2019est pas n\u00e9cessaire de pratiquer une anesth\u00e9sie locale au pr\u00e9alable, les injections \u00e9tant tr\u00e8s peu douloureuses.<\/p><\/li><\/ul>\t\t\t\t\t\t<\/div>\n\t\t\t\t<\/div>\n\t\t\t\t<div class=\"elementor-element elementor-element-0ca5d0e elementor-widget elementor-widget-heading\" data-id=\"0ca5d0e\" data-element_type=\"widget\" data-widget_type=\"heading.default\">\n\t\t\t\t<div class=\"elementor-widget-container\">\n\t\t\t<h2 class=\"elementor-heading-title elementor-size-default\">Effets obtenus<\/h2>\t\t<\/div>\n\t\t\t\t<\/div>\n\t\t\t\t<div class=\"elementor-element elementor-element-1c9a467 elementor-widget elementor-widget-text-editor\" data-id=\"1c9a467\" data-element_type=\"widget\" data-widget_type=\"text-editor.default\">\n\t\t\t\t<div class=\"elementor-widget-container\">\n\t\t\t\t\t\t\t<p class=\"paragraph_style_7\">L\u2019efficacit\u00e9 appara\u00eet d\u00e8s la premi\u00e8re semaine, atteint son maximum en un mois et se maintient pendant 4 mois environ.<\/p><p class=\"paragraph_style_7\">En esth\u00e9tique, le retour \u00e0 l\u2019\u00e9tat initial est progressif et \u00e0 partir du 4\u00e8me ou 6\u00e8me mois les contractions musculaires reprennent lentement. Une nouvelle s\u00e9ance d\u2019injection de toxine botulique peut \u00eatre alors propos\u00e9e. En g\u00e9n\u00e9ral, il faut 2 s\u00e9ances la premi\u00e8re ann\u00e9e, puis 1 s\u00e9ance par an par la suite.<\/p><p>Pour la toxine dans les douleurs articulaires, une seule s\u00e9ance est n\u00e9cessaire, puis la r\u00e9\u00e9ducation permet d\u2019\u00e9viter de refaire des s\u00e9ances. Parfois, il est possible de proposer une autre s\u00e9ance au minimum 1 an apr\u00e8s.<\/p>\t\t\t\t\t\t<\/div>\n\t\t\t\t<\/div>\n\t\t\t\t<div class=\"elementor-element elementor-element-157c780 elementor-widget elementor-widget-heading\" data-id=\"157c780\" data-element_type=\"widget\" data-widget_type=\"heading.default\">\n\t\t\t\t<div class=\"elementor-widget-container\">\n\t\t\t<h2 class=\"elementor-heading-title elementor-size-default\">Contre-indications<\/h2>\t\t<\/div>\n\t\t\t\t<\/div>\n\t\t\t\t<div class=\"elementor-element elementor-element-68a3f0c elementor-widget elementor-widget-text-editor\" data-id=\"68a3f0c\" data-element_type=\"widget\" data-widget_type=\"text-editor.default\">\n\t\t\t\t<div class=\"elementor-widget-container\">\n\t\t\t\t\t\t\t<p class=\"paragraph_style_7\">Les contre-indications sont peu fr\u00e9quentes, mais importantes \u00e0 respecter.<\/p><p class=\"paragraph_style_9\">Les contre-indications absolues sont:<br \/>\u2013 les maladies neuro-musculaires comme la myasth\u00e9nie,<br \/>\u2013 un traitement concomitant avec des aminosides (famille d\u2019antibiotique dont font partie l\u2019amiklin et la gentalline),<br \/>\u2013 une allergie \u00e0 la neurotoxine botulique A ou au s\u00e9rum albumine<\/p><p class=\"paragraph_style_9\">Les contre-indications locales relatives existent\u00a0:<br \/>\u2013 cicatrices, dermatose inflammatoire en pouss\u00e9e.<br \/>\u2013 Un traitement anticoagulant ou antiagr\u00e9gant (aspirine par exemple) \u00e0 dose efficace en cours, n\u00e9cessite des pr\u00e9cautions d\u2019emploi.<br \/>\u2013 Toute grossesse, m\u00eame d\u00e9butante (quelques jours seulement) n\u00e9cessite de repousser la date des injections apr\u00e8s la grossesse et l\u2019allaitement. Vous devez par cons\u00e9quent, en cas de moindre doute, effectuer les examens n\u00e9cessaires et en communiquer les r\u00e9sultats \u00e0 votre m\u00e9decin.<br \/>\u2013 Si vous avez un ennui de sant\u00e9 quelconque (notamment infection, grippe, abc\u00e8s dentaire\u2026) vous devez imp\u00e9rativement en faire part \u00e0 votre m\u00e9decin avant l\u2019injection. D\u2019une mani\u00e8re g\u00e9n\u00e9rale, vous ne devez pas h\u00e9siter \u00e0 mentionner \u00e0 votre praticien le moindre probl\u00e8me de sant\u00e9 rencontr\u00e9 afin que celui-ci appr\u00e9cie l\u2019opportunit\u00e9 des injections. Dans le m\u00eame ordre d\u2019id\u00e9e, vous devez lui faire part de toutes vos interrogations et mentionner tous les traitements dont vous avez pu faire l\u2019objet ou dont vous faites encore l\u2019objet. Celui-ci jugera alors avec votre m\u00e9decin traitant de l\u2019opportunit\u00e9 des injections sur votre personne<br \/>\u2013 Pr\u00e9venez \u00e9galement votre m\u00e9decin, si vous \u00eates soign\u00e9(e) par ailleurs par des injections de toxine botulique pour des spasmes pathologiques ou pour une hyper-sudation. En effet, ces traitements peuvent aussi contenir de la toxine botulique.<\/p>\t\t\t\t\t\t<\/div>\n\t\t\t\t<\/div>\n\t\t\t\t<div class=\"elementor-element elementor-element-b2abeb9 elementor-widget elementor-widget-heading\" data-id=\"b2abeb9\" data-element_type=\"widget\" data-widget_type=\"heading.default\">\n\t\t\t\t<div class=\"elementor-widget-container\">\n\t\t\t<h2 class=\"elementor-heading-title elementor-size-default\">Effets secondaires et complications<\/h2>\t\t<\/div>\n\t\t\t\t<\/div>\n\t\t\t\t<div class=\"elementor-element elementor-element-37d401d elementor-widget elementor-widget-text-editor\" data-id=\"37d401d\" data-element_type=\"widget\" data-widget_type=\"text-editor.default\">\n\t\t\t\t<div class=\"elementor-widget-container\">\n\t\t\t\t\t\t\t<p class=\"paragraph_style_7\">Les effets secondaires et les complications sont rares et transitoires, ils seront d\u2019autant plus facilement \u00e9vit\u00e9s que les contre-indications et les pr\u00e9cautions d\u2019usages seront respect\u00e9es.<br \/>\u2013 Ecchymoses (bleus), \u0153d\u00e8me (gonflement), douleurs aux points d\u2019injections.<br \/>\u2013 Mal de t\u00eate passager<br \/>\u2013 R\u00e9sistance au traitement<br \/>\u2013 Allergie \u00e0 la toxine botulique<\/p><p class=\"paragraph_style_7\">Dans les injections du front des sourcils ou des paupi\u00e8res:<br \/>\u2013 Ptosis de la paupi\u00e8re sup\u00e9rieure, se manifestant par une ouverture limit\u00e9e de la paupi\u00e8re. Cet effet est rare (0.5% \u00e0 5% des cas) et est toujours r\u00e9versible, sa dur\u00e9e est plus courte que l\u2019effet de la toxine botulique sur les rides et peut durer jusqu\u2019\u00e0 4 semaines environ. Un traitement local pourra \u00eatre prescrit par votre m\u00e9decin le cas \u00e9ch\u00e9ant.<br \/>\u2013 Abaissement des sourcils, r\u00e9sultats asym\u00e9triques, une correction sera alors possible par de minimes injections<br \/>\u2013 Diplopie transitoire (vue double)<\/p><p>Dans les injections des muscles masticateurs:<br \/>\u2013 Difficult\u00e9 transitoires \u00e0 mastiquer (par exemple des sandwich).<\/p>\t\t\t\t\t\t<\/div>\n\t\t\t\t<\/div>\n\t\t\t\t\t<\/div>\n\t\t<\/div>\n\t\t\t\t\t<\/div>\n\t\t<\/section>\n\t\t<div class=\"elementor-element elementor-element-cbeb9ed e-flex e-con-boxed e-con e-parent\" data-id=\"cbeb9ed\" data-element_type=\"container\">\n\t\t\t\t\t<div class=\"e-con-inner\">\n\t\t\t\t<div class=\"elementor-element elementor-element-ab639fe elementor-widget elementor-widget-spacer\" data-id=\"ab639fe\" data-element_type=\"widget\" data-widget_type=\"spacer.default\">\n\t\t\t\t<div class=\"elementor-widget-container\">\n\t\t\t<style>\/*! elementor - v3.21.0 - 30-04-2024 *\/\n.elementor-column .elementor-spacer-inner{height:var(--spacer-size)}.e-con{--container-widget-width:100%}.e-con-inner>.elementor-widget-spacer,.e-con>.elementor-widget-spacer{width:var(--container-widget-width,var(--spacer-size));--align-self:var(--container-widget-align-self,initial);--flex-shrink:0}.e-con-inner>.elementor-widget-spacer>.elementor-widget-container,.e-con>.elementor-widget-spacer>.elementor-widget-container{height:100%;width:100%}.e-con-inner>.elementor-widget-spacer>.elementor-widget-container>.elementor-spacer,.e-con>.elementor-widget-spacer>.elementor-widget-container>.elementor-spacer{height:100%}.e-con-inner>.elementor-widget-spacer>.elementor-widget-container>.elementor-spacer>.elementor-spacer-inner,.e-con>.elementor-widget-spacer>.elementor-widget-container>.elementor-spacer>.elementor-spacer-inner{height:var(--container-widget-height,var(--spacer-size))}.e-con-inner>.elementor-widget-spacer.elementor-widget-empty,.e-con>.elementor-widget-spacer.elementor-widget-empty{position:relative;min-height:22px;min-width:22px}.e-con-inner>.elementor-widget-spacer.elementor-widget-empty .elementor-widget-empty-icon,.e-con>.elementor-widget-spacer.elementor-widget-empty .elementor-widget-empty-icon{position:absolute;top:0;bottom:0;left:0;right:0;margin:auto;padding:0;width:22px;height:22px}<\/style>\t\t<div class=\"elementor-spacer\">\n\t\t\t<div class=\"elementor-spacer-inner\"><\/div>\n\t\t<\/div>\n\t\t\t\t<\/div>\n\t\t\t\t<\/div>\n\t\t\t\t\t<\/div>\n\t\t\t\t<\/div>\n\t\t\t\t<\/div>\n\t\t","protected":false},"excerpt":{"rendered":"<p>Le botox (ou la toxine botulique) est une substance qui diminue la contraction des muscles en agissant au niveau de la jonction neuromusculaire (action myorelaxante). L\u2019action est limit\u00e9e dans le temps (r\u00e9versible) et dans l\u2019espace (localis\u00e9e). Le traitement consiste \u00e0 injecter de tr\u00e8s faibles doses de substance active de toxine botulique purifi\u00e9e directement dans les&hellip;&nbsp;<a href=\"https:\/\/nantes-maxillo.com\/preprod\/quest-ce-que-le-botox\/\" class=\"\" rel=\"bookmark\">Lire la suite &raquo;<span class=\"screen-reader-text\">Qu\u2019est-ce que le botox ?<\/span><\/a><\/p>\n","protected":false},"author":2,"featured_media":1165,"parent":0,"menu_order":0,"comment_status":"closed","ping_status":"closed","template":"page-templates\/template-pagebuilder-full-width.php","meta":{"neve_meta_sidebar":"","neve_meta_container":"","neve_meta_enable_content_width":"off","neve_meta_content_width":100,"neve_meta_title_alignment":"","neve_meta_author_avatar":"","neve_post_elements_order":"","neve_meta_disable_header":"","neve_meta_disable_footer":"","neve_meta_disable_title":"","_themeisle_gutenberg_block_has_review":false,"_ti_tpc_template_sync":false,"_ti_tpc_template_id":"","footnotes":""},"class_list":["post-880","page","type-page","status-publish","has-post-thumbnail","hentry"],"_links":{"self":[{"href":"https:\/\/nantes-maxillo.com\/preprod\/wp-json\/wp\/v2\/pages\/880","targetHints":{"allow":["GET"]}}],"collection":[{"href":"https:\/\/nantes-maxillo.com\/preprod\/wp-json\/wp\/v2\/pages"}],"about":[{"href":"https:\/\/nantes-maxillo.com\/preprod\/wp-json\/wp\/v2\/types\/page"}],"author":[{"embeddable":true,"href":"https:\/\/nantes-maxillo.com\/preprod\/wp-json\/wp\/v2\/users\/2"}],"replies":[{"embeddable":true,"href":"https:\/\/nantes-maxillo.com\/preprod\/wp-json\/wp\/v2\/comments?post=880"}],"version-history":[{"count":4,"href":"https:\/\/nantes-maxillo.com\/preprod\/wp-json\/wp\/v2\/pages\/880\/revisions"}],"predecessor-version":[{"id":5298,"href":"https:\/\/nantes-maxillo.com\/preprod\/wp-json\/wp\/v2\/pages\/880\/revisions\/5298"}],"wp:featuredmedia":[{"embeddable":true,"href":"https:\/\/nantes-maxillo.com\/preprod\/wp-json\/wp\/v2\/media\/1165"}],"wp:attachment":[{"href":"https:\/\/nantes-maxillo.com\/preprod\/wp-json\/wp\/v2\/media?parent=880"}],"curies":[{"name":"wp","href":"https:\/\/api.w.org\/{rel}","templated":true}]}}