{"id":796,"date":"2023-11-09T19:26:27","date_gmt":"2023-11-09T18:26:27","guid":{"rendered":"https:\/\/nantes-maxillo.com\/preprod\/?page_id=796"},"modified":"2024-05-07T17:03:52","modified_gmt":"2024-05-07T15:03:52","slug":"informations-patients","status":"publish","type":"page","link":"https:\/\/nantes-maxillo.com\/preprod\/informations-patients\/","title":{"rendered":"Informations patients"},"content":{"rendered":"\t\t<div data-elementor-type=\"wp-page\" data-elementor-id=\"796\" class=\"elementor elementor-796\">\n\t\t\t\t<div class=\"elementor-element elementor-element-f17c33d e-flex e-con-boxed e-con e-parent\" data-id=\"f17c33d\" data-element_type=\"container\">\n\t\t\t\t\t<div class=\"e-con-inner\">\n\t\t\t\t<div class=\"elementor-element elementor-element-2f561f4 elementor-widget elementor-widget-text-editor\" data-id=\"2f561f4\" data-element_type=\"widget\" data-widget_type=\"text-editor.default\">\n\t\t\t\t<div class=\"elementor-widget-container\">\n\t\t\t<style>\/*! elementor - v3.21.0 - 30-04-2024 *\/\n.elementor-widget-text-editor.elementor-drop-cap-view-stacked .elementor-drop-cap{background-color:#69727d;color:#fff}.elementor-widget-text-editor.elementor-drop-cap-view-framed .elementor-drop-cap{color:#69727d;border:3px solid;background-color:transparent}.elementor-widget-text-editor:not(.elementor-drop-cap-view-default) .elementor-drop-cap{margin-top:8px}.elementor-widget-text-editor:not(.elementor-drop-cap-view-default) .elementor-drop-cap-letter{width:1em;height:1em}.elementor-widget-text-editor .elementor-drop-cap{float:left;text-align:center;line-height:1;font-size:50px}.elementor-widget-text-editor .elementor-drop-cap-letter{display:inline-block}<\/style>\t\t\t\t<div class=\"wpb_text_column wpb_content_element \"><div class=\"wpb_wrapper\"><p>Sur cette page, le docteur d&rsquo;HAUTHUILLE met \u00e0 disposition des informations en compl\u00e9ment d\u2019information avant ou apr\u00e8s une consultation, ou une op\u00e9ration. Ces informations ne remplacent pas la consultation avec le m\u00e9decin, mais viennent en compl\u00e9ment.<\/p><\/div><\/div>\t\t\t\t\t\t<\/div>\n\t\t\t\t<\/div>\n\t\t\t\t\t<\/div>\n\t\t\t\t<\/div>\n\t\t<div class=\"elementor-element elementor-element-8945a7e e-flex e-con-boxed e-con e-parent\" data-id=\"8945a7e\" data-element_type=\"container\">\n\t\t\t\t\t<div class=\"e-con-inner\">\n\t\t<div class=\"elementor-element elementor-element-7f7f357 e-con-full e-flex e-con e-child\" data-id=\"7f7f357\" data-element_type=\"container\">\n\t\t\t\t<div class=\"elementor-element elementor-element-cf0e220 elementor-widget elementor-widget-toggle\" data-id=\"cf0e220\" data-element_type=\"widget\" data-widget_type=\"toggle.default\">\n\t\t\t\t<div class=\"elementor-widget-container\">\n\t\t\t<style>.elementor-toggle{text-align:start}.elementor-toggle .elementor-tab-title{font-weight:700;line-height:1;margin:0;padding:15px;border-bottom:1px solid #d5d8dc;cursor:pointer;outline:none}.elementor-toggle .elementor-tab-title .elementor-toggle-icon{display:inline-block;width:1em}.elementor-toggle .elementor-tab-title .elementor-toggle-icon svg{margin-inline-start:-5px;width:1em;height:1em}.elementor-toggle .elementor-tab-title .elementor-toggle-icon.elementor-toggle-icon-right{float:right;text-align:right}.elementor-toggle .elementor-tab-title .elementor-toggle-icon.elementor-toggle-icon-left{float:left;text-align:left}.elementor-toggle .elementor-tab-title .elementor-toggle-icon .elementor-toggle-icon-closed{display:block}.elementor-toggle .elementor-tab-title .elementor-toggle-icon .elementor-toggle-icon-opened{display:none}.elementor-toggle .elementor-tab-title.elementor-active{border-bottom:none}.elementor-toggle .elementor-tab-title.elementor-active .elementor-toggle-icon-closed{display:none}.elementor-toggle .elementor-tab-title.elementor-active .elementor-toggle-icon-opened{display:block}.elementor-toggle .elementor-tab-content{padding:15px;border-bottom:1px solid #d5d8dc;display:none}@media (max-width:767px){.elementor-toggle .elementor-tab-title{padding:12px}.elementor-toggle .elementor-tab-content{padding:12px 10px}}.e-con-inner>.elementor-widget-toggle,.e-con>.elementor-widget-toggle{width:var(--container-widget-width);--flex-grow:var(--container-widget-flex-grow)}<\/style>\t\t<div class=\"elementor-toggle\">\n\t\t\t\t\t\t\t<div class=\"elementor-toggle-item\">\n\t\t\t\t\t<div id=\"elementor-tab-title-2171\" class=\"elementor-tab-title\" data-tab=\"1\" role=\"button\" aria-controls=\"elementor-tab-content-2171\" aria-expanded=\"false\">\n\t\t\t\t\t\t\t\t\t\t\t\t<span class=\"elementor-toggle-icon elementor-toggle-icon-left\" aria-hidden=\"true\">\n\t\t\t\t\t\t\t\t\t\t\t\t\t\t\t<span class=\"elementor-toggle-icon-closed\"><svg class=\"e-font-icon-svg e-fas-caret-right\" viewBox=\"0 0 192 512\" xmlns=\"http:\/\/www.w3.org\/2000\/svg\"><path d=\"M0 384.662V127.338c0-17.818 21.543-26.741 34.142-14.142l128.662 128.662c7.81 7.81 7.81 20.474 0 28.284L34.142 398.804C21.543 411.404 0 402.48 0 384.662z\"><\/path><\/svg><\/span>\n\t\t\t\t\t\t\t\t<span class=\"elementor-toggle-icon-opened\"><svg class=\"elementor-toggle-icon-opened e-font-icon-svg e-fas-caret-up\" viewBox=\"0 0 320 512\" xmlns=\"http:\/\/www.w3.org\/2000\/svg\"><path d=\"M288.662 352H31.338c-17.818 0-26.741-21.543-14.142-34.142l128.662-128.662c7.81-7.81 20.474-7.81 28.284 0l128.662 128.662c12.6 12.599 3.676 34.142-14.142 34.142z\"><\/path><\/svg><\/span>\n\t\t\t\t\t\t\t\t\t\t\t\t\t<\/span>\n\t\t\t\t\t\t\t\t\t\t\t\t<a class=\"elementor-toggle-title\" tabindex=\"0\">G\u00e9n\u00e9ralit\u00e9s<\/a>\n\t\t\t\t\t<\/div>\n\n\t\t\t\t\t<div id=\"elementor-tab-content-2171\" class=\"elementor-tab-content elementor-clearfix\" data-tab=\"1\" role=\"region\" aria-labelledby=\"elementor-tab-title-2171\"><ol class=\"ol1\"><li class=\"li1\"><a href=\"https:\/\/nantes-maxillo.com\/informations-patients\/la-chirurgie-maxillo-faciale-et-la-stomatologie\"><span class=\"s1\">Qu\u2019est-ce que la chirurgie Maxillo-faciale et Stomatologie?<\/span><\/a><\/li><li class=\"li1\"><a href=\"https:\/\/nantes-maxillo.com\/informations-patients\/la-chirurgie-esthetique\"><span class=\"s1\">Qu\u2019est-ce que la chirurgie esth\u00e9tique?<\/span><\/a><\/li><li class=\"li1\"><a href=\"https:\/\/nantes-maxillo.com\/informations-patients\/que-faut-il-savoir-avant-une-anesthesie-locale\"><span class=\"s1\">Que faut-il savoir avant une anesth\u00e9sie locale?<\/span><\/a><\/li><li class=\"li1\"><a href=\"https:\/\/nantes-maxillo.com\/informations-patients\/anesthesie-locale-ou-generale\"><span class=\"s1\">Anesth\u00e9sie g\u00e9n\u00e9rale? ou locale? ce que je dois savoir\u2026<\/span><\/a><\/li><li class=\"li1\"><a href=\"https:\/\/nantes-maxillo.com\/informations-patients\/a-propos-des-honoraires\"><span class=\"s1\">Qu\u2019est-ce que les compl\u00e9ments d\u2019honoraires?<\/span><\/a><\/li><\/ol><\/div>\n\t\t\t\t<\/div>\n\t\t\t\t\t\t\t<div class=\"elementor-toggle-item\">\n\t\t\t\t\t<div id=\"elementor-tab-title-2172\" class=\"elementor-tab-title\" data-tab=\"2\" role=\"button\" aria-controls=\"elementor-tab-content-2172\" aria-expanded=\"false\">\n\t\t\t\t\t\t\t\t\t\t\t\t<span class=\"elementor-toggle-icon elementor-toggle-icon-left\" aria-hidden=\"true\">\n\t\t\t\t\t\t\t\t\t\t\t\t\t\t\t<span class=\"elementor-toggle-icon-closed\"><svg class=\"e-font-icon-svg e-fas-caret-right\" viewBox=\"0 0 192 512\" xmlns=\"http:\/\/www.w3.org\/2000\/svg\"><path d=\"M0 384.662V127.338c0-17.818 21.543-26.741 34.142-14.142l128.662 128.662c7.81 7.81 7.81 20.474 0 28.284L34.142 398.804C21.543 411.404 0 402.48 0 384.662z\"><\/path><\/svg><\/span>\n\t\t\t\t\t\t\t\t<span class=\"elementor-toggle-icon-opened\"><svg class=\"elementor-toggle-icon-opened e-font-icon-svg e-fas-caret-up\" viewBox=\"0 0 320 512\" xmlns=\"http:\/\/www.w3.org\/2000\/svg\"><path d=\"M288.662 352H31.338c-17.818 0-26.741-21.543-14.142-34.142l128.662-128.662c7.81-7.81 20.474-7.81 28.284 0l128.662 128.662c12.6 12.599 3.676 34.142-14.142 34.142z\"><\/path><\/svg><\/span>\n\t\t\t\t\t\t\t\t\t\t\t\t\t<\/span>\n\t\t\t\t\t\t\t\t\t\t\t\t<a class=\"elementor-toggle-title\" tabindex=\"0\">Chirurgie orthognathique (des m\u00e2choires)<\/a>\n\t\t\t\t\t<\/div>\n\n\t\t\t\t\t<div id=\"elementor-tab-content-2172\" class=\"elementor-tab-content elementor-clearfix\" data-tab=\"2\" role=\"region\" aria-labelledby=\"elementor-tab-title-2172\"><ol class=\"ol1\"><li class=\"li1\"><a href=\"https:\/\/nantes-maxillo.com\/generalites-sur-la-chirurgie-orthognathique\"><span class=\"s1\">Qu\u2019est-ce que la chirurgie orthognathique?<\/span><\/a><\/li><li class=\"li1\"><a href=\"https:\/\/nantes-maxillo.com\/informations-patients\/quest-ce-quune-osteotomie-de-la-machoire\"><span class=\"s1\">Qu\u2019est-ce qu\u2019une ost\u00e9otomie de la m\u00e2choire?<\/span><\/a><\/li><li class=\"li1\"><a href=\"https:\/\/nantes-maxillo.com\/informations-patients\/quest-ce-que-losteotomie-courte-de-la-mandibule\"><span class=\"s1\">Qu\u2019est-ce que l\u2019ost\u00e9otomie courte de la mandibule?<\/span><\/a><\/li><li class=\"li1\"><a href=\"https:\/\/nantes-maxillo.com\/apres-une-osteotomie\"><span class=\"s1\">Que dois-je savoir concernant les suites op\u00e9ratoires?<\/span><\/a><\/li><li class=\"li1\"><a href=\"https:\/\/nantes-maxillo.com\/comment-placer-les-elastiques\"><span class=\"s1\">Apr\u00e8s l\u2019op\u00e9ration, comment placer les \u00e9lastiques?<\/span><\/a><\/li><li class=\"li1\"><a href=\"https:\/\/nantes-maxillo.com\/la-disjonction-maxillaire-ou-mandibulaire\"><span class=\"s1\">La disjonction maxillaire ou mandibulaire<\/span><\/a><\/li><li class=\"li1\"><a href=\"https:\/\/nantes-maxillo.com\/la-chirurgie-du-menton-genioplastie\"><span class=\"s1\">La chirurgie du menton<\/span><\/a><\/li><li class=\"li1\"><a href=\"https:\/\/nantes-maxillo.com\/modifications-du-visage-apres-une-chirurgie-de-la-machoire\"><span class=\"s1\">Quelles sont les modifications du visage apr\u00e8s une ost\u00e9otomie?<\/span><\/a><\/li><\/ol><\/div>\n\t\t\t\t<\/div>\n\t\t\t\t\t\t\t<div class=\"elementor-toggle-item\">\n\t\t\t\t\t<div id=\"elementor-tab-title-2173\" class=\"elementor-tab-title\" data-tab=\"3\" role=\"button\" aria-controls=\"elementor-tab-content-2173\" aria-expanded=\"false\">\n\t\t\t\t\t\t\t\t\t\t\t\t<span class=\"elementor-toggle-icon elementor-toggle-icon-left\" aria-hidden=\"true\">\n\t\t\t\t\t\t\t\t\t\t\t\t\t\t\t<span class=\"elementor-toggle-icon-closed\"><svg class=\"e-font-icon-svg e-fas-caret-right\" viewBox=\"0 0 192 512\" xmlns=\"http:\/\/www.w3.org\/2000\/svg\"><path d=\"M0 384.662V127.338c0-17.818 21.543-26.741 34.142-14.142l128.662 128.662c7.81 7.81 7.81 20.474 0 28.284L34.142 398.804C21.543 411.404 0 402.48 0 384.662z\"><\/path><\/svg><\/span>\n\t\t\t\t\t\t\t\t<span class=\"elementor-toggle-icon-opened\"><svg class=\"elementor-toggle-icon-opened e-font-icon-svg e-fas-caret-up\" viewBox=\"0 0 320 512\" xmlns=\"http:\/\/www.w3.org\/2000\/svg\"><path d=\"M288.662 352H31.338c-17.818 0-26.741-21.543-14.142-34.142l128.662-128.662c7.81-7.81 20.474-7.81 28.284 0l128.662 128.662c12.6 12.599 3.676 34.142-14.142 34.142z\"><\/path><\/svg><\/span>\n\t\t\t\t\t\t\t\t\t\t\t\t\t<\/span>\n\t\t\t\t\t\t\t\t\t\t\t\t<a class=\"elementor-toggle-title\" tabindex=\"0\">Chirurgie esth\u00e9tique<\/a>\n\t\t\t\t\t<\/div>\n\n\t\t\t\t\t<div id=\"elementor-tab-content-2173\" class=\"elementor-tab-content elementor-clearfix\" data-tab=\"3\" role=\"region\" aria-labelledby=\"elementor-tab-title-2173\"><ol class=\"ol1\"><li class=\"li1\"><a href=\"https:\/\/nantes-maxillo.com\/que-faut-il-savoir-sur-les-oreilles-decollees\"><span class=\"s1\">Que faut-il savoir avant une chirurgie des oreilles d\u00e9coll\u00e9es?<\/span><\/a><\/li><li class=\"li1\"><a href=\"https:\/\/nantes-maxillo.com\/quest-ce-que-la-toxine-botulique\"><span class=\"s1\">La toxine botulique, c\u2019est quoi?<\/span><\/a><\/li><li class=\"li1\"><a href=\"https:\/\/nantes-maxillo.com\/conseils-avant-et-apres-une-injection-de-toxine-botulinique\"><span class=\"s1\">Conseils avant et apr\u00e8s une injection de toxine botulique.<\/span><\/a><\/li><li class=\"li1\"><a href=\"https:\/\/nantes-maxillo.com\/ce-quil-faut-savoir-sur-la-toxine-botulique\"><span class=\"s1\">Consentement avant une injection \u00e0 vis\u00e9e esth\u00e9tique.<\/span><\/a><\/li><li class=\"li1\"><a href=\"https:\/\/nantes-maxillo.com\/ce-quil-faut-savoir-sur-lacide-hyaluronique\"><span class=\"s1\">L\u2019acide hyaluronique?<\/span><\/a><\/li><li class=\"li1\"><a href=\"https:\/\/nantes-maxillo.com\/chirurgie-esthetique-des-paupieres-ou-blepharoplastie-esthetique\"><span class=\"s1\">Que faut-il savoir avec une chirurgie des paupi\u00e8res?<\/span><\/a><\/li><li class=\"li1\"><a href=\"https:\/\/nantes-maxillo.com\/la-chirurgie-du-nez-rhinoplastie\"><span class=\"s1\">Que faut-il savoir avant une op\u00e9ration esth\u00e9tique du nez (rhinoplastie)?<\/span><\/a><\/li><li class=\"li1\"><a href=\"https:\/\/nantes-maxillo.com\/le-lifting-cervico-facial\"><span class=\"s1\">Que faut-il savoir avant une op\u00e9ration esth\u00e9tique de rajeunissement par lifting du visage ou du cou?<\/span><\/a><\/li><\/ol><\/div>\n\t\t\t\t<\/div>\n\t\t\t\t\t\t\t\t<\/div>\n\t\t\t\t<\/div>\n\t\t\t\t<\/div>\n\t\t\t\t<\/div>\n\t\t<div class=\"elementor-element elementor-element-d669685 e-con-full e-flex e-con e-child\" data-id=\"d669685\" data-element_type=\"container\">\n\t\t\t\t<div class=\"elementor-element elementor-element-d543068 elementor-widget elementor-widget-toggle\" data-id=\"d543068\" data-element_type=\"widget\" data-widget_type=\"toggle.default\">\n\t\t\t\t<div class=\"elementor-widget-container\">\n\t\t\t\t\t<div class=\"elementor-toggle\">\n\t\t\t\t\t\t\t<div class=\"elementor-toggle-item\">\n\t\t\t\t\t<div id=\"elementor-tab-title-2231\" class=\"elementor-tab-title\" data-tab=\"1\" role=\"button\" aria-controls=\"elementor-tab-content-2231\" aria-expanded=\"false\">\n\t\t\t\t\t\t\t\t\t\t\t\t<span class=\"elementor-toggle-icon elementor-toggle-icon-left\" aria-hidden=\"true\">\n\t\t\t\t\t\t\t\t\t\t\t\t\t\t\t<span class=\"elementor-toggle-icon-closed\"><svg class=\"e-font-icon-svg e-fas-caret-right\" viewBox=\"0 0 192 512\" xmlns=\"http:\/\/www.w3.org\/2000\/svg\"><path d=\"M0 384.662V127.338c0-17.818 21.543-26.741 34.142-14.142l128.662 128.662c7.81 7.81 7.81 20.474 0 28.284L34.142 398.804C21.543 411.404 0 402.48 0 384.662z\"><\/path><\/svg><\/span>\n\t\t\t\t\t\t\t\t<span class=\"elementor-toggle-icon-opened\"><svg class=\"elementor-toggle-icon-opened e-font-icon-svg e-fas-caret-up\" viewBox=\"0 0 320 512\" xmlns=\"http:\/\/www.w3.org\/2000\/svg\"><path d=\"M288.662 352H31.338c-17.818 0-26.741-21.543-14.142-34.142l128.662-128.662c7.81-7.81 20.474-7.81 28.284 0l128.662 128.662c12.6 12.599 3.676 34.142-14.142 34.142z\"><\/path><\/svg><\/span>\n\t\t\t\t\t\t\t\t\t\t\t\t\t<\/span>\n\t\t\t\t\t\t\t\t\t\t\t\t<a class=\"elementor-toggle-title\" tabindex=\"0\">Conseils d'Alimentation<\/a>\n\t\t\t\t\t<\/div>\n\n\t\t\t\t\t<div id=\"elementor-tab-content-2231\" class=\"elementor-tab-content elementor-clearfix\" data-tab=\"1\" role=\"region\" aria-labelledby=\"elementor-tab-title-2231\"><ol class=\"ol1\"><li class=\"li1\"><a href=\"https:\/\/nantes-maxillo.com\/conseils-dalimentation-apres-une-chirurgie-maxillo-faciale\"><span class=\"s1\">Quels sont les conseils d\u2019alimentation apr\u00e8s une chirurgie de la m\u00e2choire?<\/span><\/a><\/li><li class=\"li1\"><a href=\"https:\/\/nantes-maxillo.com\/alimentation-liquide\"><span class=\"s1\">Qu\u2019est-ce qu\u2019une alimentation liquide?<\/span><\/a><\/li><li class=\"li1\"><a href=\"https:\/\/nantes-maxillo.com\/alimentation-mixee-lisse\"><span class=\"s1\">Qu\u2019est-ce qu\u2019une alimentation mix\u00e9e lisse?<\/span><\/a><\/li><li class=\"li1\"><a href=\"https:\/\/nantes-maxillo.com\/alimentation-molle\"><span class=\"s1\">Qu\u2019est-ce qu\u2019une alimentation mix\u00e9e \u00e9pais?<\/span><\/a><\/li><\/ol><\/div>\n\t\t\t\t<\/div>\n\t\t\t\t\t\t\t<div class=\"elementor-toggle-item\">\n\t\t\t\t\t<div id=\"elementor-tab-title-2232\" class=\"elementor-tab-title\" data-tab=\"2\" role=\"button\" aria-controls=\"elementor-tab-content-2232\" aria-expanded=\"false\">\n\t\t\t\t\t\t\t\t\t\t\t\t<span class=\"elementor-toggle-icon elementor-toggle-icon-left\" aria-hidden=\"true\">\n\t\t\t\t\t\t\t\t\t\t\t\t\t\t\t<span class=\"elementor-toggle-icon-closed\"><svg class=\"e-font-icon-svg e-fas-caret-right\" viewBox=\"0 0 192 512\" xmlns=\"http:\/\/www.w3.org\/2000\/svg\"><path d=\"M0 384.662V127.338c0-17.818 21.543-26.741 34.142-14.142l128.662 128.662c7.81 7.81 7.81 20.474 0 28.284L34.142 398.804C21.543 411.404 0 402.48 0 384.662z\"><\/path><\/svg><\/span>\n\t\t\t\t\t\t\t\t<span class=\"elementor-toggle-icon-opened\"><svg class=\"elementor-toggle-icon-opened e-font-icon-svg e-fas-caret-up\" viewBox=\"0 0 320 512\" xmlns=\"http:\/\/www.w3.org\/2000\/svg\"><path d=\"M288.662 352H31.338c-17.818 0-26.741-21.543-14.142-34.142l128.662-128.662c7.81-7.81 20.474-7.81 28.284 0l128.662 128.662c12.6 12.599 3.676 34.142-14.142 34.142z\"><\/path><\/svg><\/span>\n\t\t\t\t\t\t\t\t\t\t\t\t\t<\/span>\n\t\t\t\t\t\t\t\t\t\t\t\t<a class=\"elementor-toggle-title\" tabindex=\"0\">Stomatologie<\/a>\n\t\t\t\t\t<\/div>\n\n\t\t\t\t\t<div id=\"elementor-tab-content-2232\" class=\"elementor-tab-content elementor-clearfix\" data-tab=\"2\" role=\"region\" aria-labelledby=\"elementor-tab-title-2232\"><ol class=\"ol1\"><li class=\"li1\"><a href=\"https:\/\/nantes-maxillo.com\/au-sujet-des-dents-de-sagesse\"><span class=\"s1\">Que faut-il savoir \u00e0 propos d\u2019une chirurgie des dents de sagesse?<\/span><\/a><\/li><li class=\"li1\"><a href=\"https:\/\/nantes-maxillo.com\/consignes-apres-une-chirurgie-de-la-bouche\"><span class=\"s1\">Quelles sont les consignes apr\u00e8s une chirurgie buccale?<\/span><\/a><\/li><li class=\"li1\"><a href=\"https:\/\/nantes-maxillo.com\/que-dois-je-savoir-sur-les-biphosphonates\"><span class=\"s1\">Que dois-je savoir si je prends des biphosphonates?<\/span><\/a><\/li><\/ol><\/div>\n\t\t\t\t<\/div>\n\t\t\t\t\t\t\t<div class=\"elementor-toggle-item\">\n\t\t\t\t\t<div id=\"elementor-tab-title-2233\" class=\"elementor-tab-title\" data-tab=\"3\" role=\"button\" aria-controls=\"elementor-tab-content-2233\" aria-expanded=\"false\">\n\t\t\t\t\t\t\t\t\t\t\t\t<span class=\"elementor-toggle-icon elementor-toggle-icon-left\" aria-hidden=\"true\">\n\t\t\t\t\t\t\t\t\t\t\t\t\t\t\t<span class=\"elementor-toggle-icon-closed\"><svg class=\"e-font-icon-svg e-fas-caret-right\" viewBox=\"0 0 192 512\" xmlns=\"http:\/\/www.w3.org\/2000\/svg\"><path d=\"M0 384.662V127.338c0-17.818 21.543-26.741 34.142-14.142l128.662 128.662c7.81 7.81 7.81 20.474 0 28.284L34.142 398.804C21.543 411.404 0 402.48 0 384.662z\"><\/path><\/svg><\/span>\n\t\t\t\t\t\t\t\t<span class=\"elementor-toggle-icon-opened\"><svg class=\"elementor-toggle-icon-opened e-font-icon-svg e-fas-caret-up\" viewBox=\"0 0 320 512\" xmlns=\"http:\/\/www.w3.org\/2000\/svg\"><path d=\"M288.662 352H31.338c-17.818 0-26.741-21.543-14.142-34.142l128.662-128.662c7.81-7.81 20.474-7.81 28.284 0l128.662 128.662c12.6 12.599 3.676 34.142-14.142 34.142z\"><\/path><\/svg><\/span>\n\t\t\t\t\t\t\t\t\t\t\t\t\t<\/span>\n\t\t\t\t\t\t\t\t\t\t\t\t<a class=\"elementor-toggle-title\" tabindex=\"0\">L'implantologie (les implants dentaires)<\/a>\n\t\t\t\t\t<\/div>\n\n\t\t\t\t\t<div id=\"elementor-tab-content-2233\" class=\"elementor-tab-content elementor-clearfix\" data-tab=\"3\" role=\"region\" aria-labelledby=\"elementor-tab-title-2233\"><ol class=\"ol1\"><li class=\"li1\"><a href=\"https:\/\/nantes-maxillo.com\/a-propos-des-implants-dentaires\"><span class=\"s1\">Qu\u2019est-ce qu\u2019un implant dentaire?<\/span><\/a><\/li><li class=\"li1\"><a href=\"https:\/\/nantes-maxillo.com\/le-planning-pour-un-implant-dentaire\"><span class=\"s1\">Le planning pour un implant dentaire.<\/span><\/a><\/li><li class=\"li1\"><a href=\"https:\/\/nantes-maxillo.com\/consignes-apres-une-chirurgie-de-la-bouche\"><span class=\"s1\">Quelles sont les consignes apr\u00e8s un implant dentaire?<\/span><\/a><\/li><li class=\"li1\"><a href=\"https:\/\/nantes-maxillo.com\/consignes-apres-une-chirurgie-de-la-bouche\"><span class=\"s1\">Quel est le plan de traitement apr\u00e8s la pause de l\u2019implant?<\/span><\/a><\/li><\/ol><\/div>\n\t\t\t\t<\/div>\n\t\t\t\t\t\t\t<div class=\"elementor-toggle-item\">\n\t\t\t\t\t<div id=\"elementor-tab-title-2234\" class=\"elementor-tab-title\" data-tab=\"4\" role=\"button\" aria-controls=\"elementor-tab-content-2234\" aria-expanded=\"false\">\n\t\t\t\t\t\t\t\t\t\t\t\t<span class=\"elementor-toggle-icon elementor-toggle-icon-left\" aria-hidden=\"true\">\n\t\t\t\t\t\t\t\t\t\t\t\t\t\t\t<span class=\"elementor-toggle-icon-closed\"><svg class=\"e-font-icon-svg e-fas-caret-right\" viewBox=\"0 0 192 512\" xmlns=\"http:\/\/www.w3.org\/2000\/svg\"><path d=\"M0 384.662V127.338c0-17.818 21.543-26.741 34.142-14.142l128.662 128.662c7.81 7.81 7.81 20.474 0 28.284L34.142 398.804C21.543 411.404 0 402.48 0 384.662z\"><\/path><\/svg><\/span>\n\t\t\t\t\t\t\t\t<span class=\"elementor-toggle-icon-opened\"><svg class=\"elementor-toggle-icon-opened e-font-icon-svg e-fas-caret-up\" viewBox=\"0 0 320 512\" xmlns=\"http:\/\/www.w3.org\/2000\/svg\"><path d=\"M288.662 352H31.338c-17.818 0-26.741-21.543-14.142-34.142l128.662-128.662c7.81-7.81 20.474-7.81 28.284 0l128.662 128.662c12.6 12.599 3.676 34.142-14.142 34.142z\"><\/path><\/svg><\/span>\n\t\t\t\t\t\t\t\t\t\t\t\t\t<\/span>\n\t\t\t\t\t\t\t\t\t\t\t\t<a class=\"elementor-toggle-title\" tabindex=\"0\">La chirurgie pr\u00e9-implantaire (greffes osseuses)<\/a>\n\t\t\t\t\t<\/div>\n\n\t\t\t\t\t<div id=\"elementor-tab-content-2234\" class=\"elementor-tab-content elementor-clearfix\" data-tab=\"4\" role=\"region\" aria-labelledby=\"elementor-tab-title-2234\"><ol class=\"ol1\"><li class=\"li1\"><a href=\"https:\/\/nantes-maxillo.com\/les-greffes-osseuses-pre-implantaire\"><span class=\"s1\">La greffe osseuse avant un implant<\/span><\/a><\/li><li class=\"li1\"><a href=\"https:\/\/nantes-maxillo.com\/les-greffes-osseuses-pre-implantaire\"><span class=\"s1\">La greffe osseuse pr\u00e9-implantaire.<\/span><\/a><\/li><li class=\"li1\"><a href=\"https:\/\/nantes-maxillo.com\/les-autogreffes\"><span class=\"s1\">les autogreffes (greffes pr\u00e9lev\u00e9es sur vous)<\/span><\/a><\/li><li class=\"li1\"><a href=\"https:\/\/nantes-maxillo.com\/lautogreffe-prelevee-sur-le-crane\"><span class=\"s1\">L\u2019autogreffe pr\u00e9lev\u00e9e sur le cr\u00e2ne.<\/span><\/a><\/li><li class=\"li1\"><a href=\"https:\/\/nantes-maxillo.com\/allogreffes-greffes-osseuses-dorigine-humaine\"><span class=\"s1\">Les allogreffes (os d\u2019origine humaine)<\/span><\/a><\/li><li class=\"li1\"><a href=\"https:\/\/nantes-maxillo.com\/et-si-un-jour-vous-aviez-besoin-dune-greffe-osseuse\"><span class=\"s1\">Le don, et si vous avez besoin d\u2019une greffe osseuse?<\/span><\/a><\/li><li class=\"li1\"><a href=\"https:\/\/nantes-maxillo.com\/tarifs-des-implants\"><span class=\"s1\">Tarif des implants<\/span><\/a><\/li><\/ol><\/div>\n\t\t\t\t<\/div>\n\t\t\t\t\t\t\t\t<\/div>\n\t\t\t\t<\/div>\n\t\t\t\t<\/div>\n\t\t\t\t<\/div>\n\t\t\t\t\t<\/div>\n\t\t\t\t<\/div>\n\t\t\t\t<\/div>\n\t\t","protected":false},"excerpt":{"rendered":"<p>Sur cette page, le docteur d&rsquo;HAUTHUILLE met \u00e0 disposition des informations en compl\u00e9ment d\u2019information avant ou apr\u00e8s une consultation, ou une op\u00e9ration. Ces informations ne remplacent pas la consultation avec le m\u00e9decin, mais viennent en compl\u00e9ment. G\u00e9n\u00e9ralit\u00e9s Qu\u2019est-ce que la chirurgie Maxillo-faciale et Stomatologie? Qu\u2019est-ce que la chirurgie esth\u00e9tique? Que faut-il savoir avant une anesth\u00e9sie&hellip;&nbsp;<a href=\"https:\/\/nantes-maxillo.com\/preprod\/informations-patients\/\" class=\"\" rel=\"bookmark\">Lire la suite &raquo;<span class=\"screen-reader-text\">Informations patients<\/span><\/a><\/p>\n","protected":false},"author":2,"featured_media":1165,"parent":0,"menu_order":0,"comment_status":"closed","ping_status":"closed","template":"","meta":{"neve_meta_sidebar":"","neve_meta_container":"","neve_meta_enable_content_width":"off","neve_meta_content_width":100,"neve_meta_title_alignment":"","neve_meta_author_avatar":"","neve_post_elements_order":"","neve_meta_disable_header":"","neve_meta_disable_footer":"","neve_meta_disable_title":"","_themeisle_gutenberg_block_has_review":false,"_ti_tpc_template_sync":false,"_ti_tpc_template_id":"","footnotes":""},"class_list":["post-796","page","type-page","status-publish","has-post-thumbnail","hentry"],"_links":{"self":[{"href":"https:\/\/nantes-maxillo.com\/preprod\/wp-json\/wp\/v2\/pages\/796","targetHints":{"allow":["GET"]}}],"collection":[{"href":"https:\/\/nantes-maxillo.com\/preprod\/wp-json\/wp\/v2\/pages"}],"about":[{"href":"https:\/\/nantes-maxillo.com\/preprod\/wp-json\/wp\/v2\/types\/page"}],"author":[{"embeddable":true,"href":"https:\/\/nantes-maxillo.com\/preprod\/wp-json\/wp\/v2\/users\/2"}],"replies":[{"embeddable":true,"href":"https:\/\/nantes-maxillo.com\/preprod\/wp-json\/wp\/v2\/comments?post=796"}],"version-history":[{"count":11,"href":"https:\/\/nantes-maxillo.com\/preprod\/wp-json\/wp\/v2\/pages\/796\/revisions"}],"predecessor-version":[{"id":5472,"href":"https:\/\/nantes-maxillo.com\/preprod\/wp-json\/wp\/v2\/pages\/796\/revisions\/5472"}],"wp:featuredmedia":[{"embeddable":true,"href":"https:\/\/nantes-maxillo.com\/preprod\/wp-json\/wp\/v2\/media\/1165"}],"wp:attachment":[{"href":"https:\/\/nantes-maxillo.com\/preprod\/wp-json\/wp\/v2\/media?parent=796"}],"curies":[{"name":"wp","href":"https:\/\/api.w.org\/{rel}","templated":true}]}}